 = -c*r - 11 + 1, -3*r = 3*y - 600. What is the tens digit of y?
0
Let j be 2/(-1) + 137 + -25. Let s = 0 - 0. Suppose s*i = -2*i + j. What is the tens digit of i?
5
Let c = 383 + -187. What is the tens digit of c?
9
Let t(k) = -k**2 + k - 1. Let w(n) = n - 2. Let c be w(3). Let y be t(c). What is the units digit of y/(-2)*2 - 0?
1
Let z = 2880 - -601. What is the units digit of z?
1
Suppose 3*v + 2*v - 5 = -4*c, v - 1 = 0. Suppose -3*y + 10 = h, 4*h + c*h = -4*y + 16. Suppose y*x - 7*x + 88 = 0. What is the units digit of x?
2
Suppose 2*r + 2*r - 977 = -5*h, 0 = 2*r + 5*h - 481. What is the units digit of r?
8
What is the tens digit of 52 - 8/(0 - 1)?
6
Let c(u) = -5*u**3 + 7*u**2 - 11*u - 4. What is the hundreds digit of c(-5)?
8
Let d = 2 - 1. Let h be 33/15 - (-2)/(-10). What is the units digit of (-1 + 8)/(d/h)?
4
Suppose 0 = -3*z - 4*u + 8*u + 6587, z = -4*u + 2185. What is the units digit of z?
3
Suppose 19 + 0 = 5*d + 4*l, 0 = d - 5*l - 27. Suppose 0 = d*i - 11*i - 280. Let m = i - -124. What is the units digit of m?
4
Let t(s) = 964*s + 14. What is the units digit of t(1)?
8
Let r be -13 - 9/(-2 + -1). Let h(n) = -n**2 - 14*n - 2. Let l be h(r). Suppose -5*g - 5*m - l = -178, 3*m = 2*g - 81. What is the units digit of g?
3
Let c(q) = -q**2 + 10*q - 7. Let m be 12 + (4 - 3 - 4). Let g be c(m). Suppose -g*w - 49 = -t, -5*t = w + 3*w - 287. What is the units digit of t?
5
Suppose -2*s - 2*s - 56 = -5*t, 3*s + 5*t + 77 = 0. Let z = s - -31. What is the tens digit of z?
1
Suppose -2 = -5*s - 7. What is the hundreds digit of (298 - -8) + (2 - s)?
3
Suppose 43 + 25 = 17*u. Let s(q) = -2*q**2 + q**3 + 3*q + 0*q**2 - 2*q**2. What is the tens digit of s(u)?
1
What is the hundreds digit of 8920/30 - (-8)/(-24)?
2
Suppose 0 = -6*a - 1075 - 479. Let l = 465 + a. What is the tens digit of l?
0
Let b = 59 + -26. Suppose -4*j + 5*j + 4*h - 21 = 0, 3*j - b = 3*h. Suppose l = 41 - j. What is the units digit of l?
8
Let f = 39 - 36. What is the units digit of 36*((-12)/16 + f)?
1
Suppose -4*j = -v - 1911, 4 = 2*v + 10. What is the tens digit of j?
7
What is the tens digit of 3 + (-3)/((-5)/605*1)?
6
Suppose -5*t = l - 521, 0 = -4*l + l + 2*t + 1648. What is the tens digit of l?
4
Let d(w) = 27*w**2 - 6*w - 103. What is the units digit of d(8)?
7
Let c = -4 - -1. Let x(g) = 4*g - 5. Let r be x(c). Let l = 23 - r. What is the units digit of l?
0
Let g = -26 + 33. Let h be (-6)/(-21) - (-40)/7. Let t = g - h. What is the units digit of t?
1
What is the thousands digit of 204/1326 - 31289/(-13)?
2
Let f(i) be the third derivative of 4*i**5/15 + i**4/6 - i**3 + 24*i**2. What is the tens digit of f(-3)?
2
Let u be 52/10*(-3 - -8). Suppose -115 = -3*l + u. Suppose 7 - l = -4*d. What is the units digit of d?
0
Suppose -2*r + 2*b + 24 = r, -4*b = -r + 8. Suppose -8 - r = -4*t. Suppose y + t*c - 61 = 0, -3*c + c = -4*y + 226. What is the units digit of y?
7
Suppose -1 = -2*q + 11. What is the units digit of (-5)/(((-24)/20)/q)?
5
Let g(t) = t**3 + 5*t**2 + 2*t - 3. Let i(a) = a**2 + a + 2. Let c be i(2). Suppose -6 = -6*w + c*w. What is the units digit of g(w)?
9
Let a(x) = 49*x - 150. What is the units digit of a(4)?
6
Let o(i) = 190 - i**2 - 190 - 4*i. Let w be o(-4). Suppose 0*m = -2*l - m + 35, w = -l - 2*m + 10. What is the tens digit of l?
2
Suppose 418 = 6*x - 3374. What is the units digit of x?
2
Suppose -3420 = -16*t + 1476. What is the units digit of t?
6
Let c = 832 + 66. What is the hundreds digit of c?
8
Suppose -q = -6*q - 5*t - 165, 6 = -2*t. Let x = q + 53. What is the tens digit of x?
2
Suppose -2 = -3*x + 4, 4*x - 6 = u. Suppose -p - u*t = 3*t - 17, 4*p - 4*t = 20. Suppose -3*r - 56 = -p*r. What is the tens digit of r?
1
Let h(d) = -8*d - 2. Let x be h(9). Let i = x - -111. Suppose -5*y = -5*n + 155, -2*n + y - i = -3*n. What is the units digit of n?
4
Let w(a) = -2*a**2 - 3*a - 1. Let d be w(-7). What is the tens digit of (-2 + 2 - -2)*d/(-4)?
3
Let v = 14081 + -9665. What is the units digit of v?
6
Suppose 5*y - 56 = y. Suppose 0 = a + a - y. What is the units digit of a?
7
Let p(n) = -n**3 + 10*n**2 + n - 1. Let d be p(10). Suppose v = -2*v + d. Suppose 37 = -v*h + 118. What is the tens digit of h?
2
Let q be 9*(7 + -4)/9. Suppose 453 = 4*f - 0*b - 5*b, -b = -q. What is the tens digit of (-26)/f - (-380)/9?
4
Let i = 6297 - 4070. What is the thousands digit of i?
2
Suppose 2682 = 3*a + 10*r - 13*r, -5*a - 5*r = -4420. What is the tens digit of a?
8
Let f(b) = -10*b + 0*b**2 + 8*b - 2 + b**2. Let h be f(-2). Suppose h*u = 4*u + 4. What is the units digit of u?
2
Let o(z) be the first derivative of z**4/4 - 3*z**3 - 4*z**2 - 7*z + 4. Let c be o(10). Suppose 2*h - 7 = c. What is the tens digit of h?
1
Let c(d) = d**2 - 9*d - 6. Let y be c(9). Let u = 3 - y. Suppose 3*i + u + 54 = 5*l, 0 = 3*l - i - 41. What is the tens digit of l?
1
Suppose 1 - 31 = -6*o. Suppose 3*p = -4*f + 904, -o*f + 3*f + 2 = 0. What is the hundreds digit of p?
3
Let p = 1968 + -1325. What is the tens digit of p?
4
Let j(w) = -w**3 - 10*w**2 - 6*w + 10. Let f be j(-9). Let u = f + 20. Suppose u*q - q = 74. What is the units digit of q?
7
Suppose 0 = -3*t + t + 4. Let o = t - 0. Suppose -o*u = 4*q - 50, -2*q + 0*u = -2*u - 34. What is the tens digit of q?
1
Suppose 3*v - x - 1 = 0, -2*v + 4*x = 9 + 7. Suppose -2*t = 4*k - 110, -v*k = 5*t - 103 - 212. What is the tens digit of t?
6
Let j(t) = 6*t + 9. Let b be j(-4). What is the units digit of (b/6 + 4)*26?
9
Suppose -25*o + 50644 + 77831 = 0. What is the units digit of o?
9
Suppose 21*q - 39*q = -57996. What is the thousands digit of q?
3
Let d = -215 - -218. What is the units digit of d?
3
Let l(b) = 8*b**2 - 2*b + 2. Let n = 11 - 9. What is the tens digit of l(n)?
3
Suppose -1119 = -3*h + 4*o, -5*o = -7*o. What is the tens digit of h?
7
Let g(x) = -14*x**2 - 12*x - 11. Let z(i) = 9*i**2 + 8*i + 7. Let t(p) = 5*g(p) + 8*z(p). Let s be -2 + (-5 - -4) + 6/1. What is the tens digit of t(s)?
3
Let c be -2*((-32)/20 - (-4)/(-10)). Suppose c*o - 2*q - 262 = 0, 3*q = 2*o + 85 - 218. What is the tens digit of o?
6
Let r be (-44)/(-4) + 0 + -2. Let y = -7 + r. Let v(b) = 2*b**3 + 2*b**2 + 2*b - 1. What is the units digit of v(y)?
7
Suppose 0*h + 40 = 8*h. Let m = h + 6. What is the units digit of m?
1
Suppose -3*z + 5*f = -8, -3*f - f = 4*z - 64. Let o = -488 + 698. Suppose 0 = -6*m + z*m - o. What is the tens digit of m?
4
What is the tens digit of (90/105)/(4/20356)?
6
Let t(q) be the second derivative of -q**4/12 + 3*q**3/2 + 7*q**2 - q. Let g be (-4 - 15/(-6))*(4 + -10). What is the units digit of t(g)?
4
Let j(i) = 3*i + 0*i + 14*i**2 - 5 + 1 - i**3. Let z = 15 + -1. What is the tens digit of j(z)?
3
Suppose 0*z = 3*z. Suppose z = -0*j + j. Suppose 6*u + 0*u - 360 = j. What is the units digit of u?
0
Let k(g) = 5*g - 9. Suppose 2*p + 6 = -9*r + 4*r, -3*r - 4*p - 12 = 0. Suppose -4*v = r, x - 6 = -x + 3*v. What is the units digit of k(x)?
6
Suppose o - 745 = -o - s, -4*s = o - 376. Suppose -12*x = -9*x - o. What is the units digit of x?
4
Let i(y) be the second derivative of y**4/12 + y**3/6 - 11*y**2/2 - 10*y. What is the units digit of i(7)?
5
Let h(u) = 9*u**3 - u**2 - 6. What is the hundreds digit of h(3)?
2
Let a(b) = b**2 + 9*b - 4. Suppose -4*t + 4*y - 36 = 0, -5*t - 5*y - 8 = 27. Let l be a(t). Let u = l - -19. What is the units digit of u?
7
Let f = 96 + 382. What is the units digit of f?
8
Let i = -17 - -34. Suppose i = x + 11. Let o = 25 - x. What is the units digit of o?
9
Let i(o) = o**2 - o + 14. Let w be i(0). Suppose -w = 4*m - 78. What is the units digit of m?
6
Let l(h) = h**2 - h + 4. Let v be l(-6). Let q = 78 - v. What is the tens digit of q?
3
Suppose 5*g - 247 - 388 = 0. What is the tens digit of g?
2
Suppose -3*q - 59 = -14. Let v = -16 - q. Let i(p) = -6*p**3 + p**2 + p. What is the units digit of i(v)?
6
Let j(y) = y**3 + 12*y**2 + 6*y - 13. Let l = 4 - -2. Let v(h) = -2*h + 1. Let a be v(l). What is the units digit of j(a)?
2
What is the tens digit of (-141)/(-47) - 317*-1?
2
Suppose -c - 8 = -2*f, -4*c = 5*f + 2 - 9. Suppose -4*j - 23 = f*m, -3*j - 2*j - 24 = -m. What is the units digit of (-5)/m - 3 - -9?
1
Let w be -3*((-11)/3 - 3/(-1)). Suppose 0 = -p + 2*l - l + 179, -4*p + w*l + 706 = 0. Wha